{"id":2,"date":"2024-07-30T20:19:04","date_gmt":"2024-07-30T18:19:04","guid":{"rendered":"http:\/\/galeria.pb-individual.pl\/?page_id=2"},"modified":"2024-07-31T16:43:18","modified_gmt":"2024-07-31T14:43:18","slug":"przykladowa-strona","status":"publish","type":"page","link":"https:\/\/galeria.pb-individual.pl\/?page_id=2","title":{"rendered":"Witam na stronie galerii zdj\u0119\u0107 i film\u00f3w firmy               PB Individual AUTO SERVICE\u00a0ELECTRONICS"},"content":{"rendered":"\n<p><\/p>\n\n\n\n<p><\/p>\n\n\n\n<p><strong>Szanowny Kliencie ! ! !<\/strong><\/p>\n\n\n\n<blockquote class=\"wp-block-quote is-layout-flow wp-block-quote-is-layout-flow\">\n<p><strong>Cze\u015b\u0107 ! ! ! <\/strong><\/p>\n\n\n\n<p>Przedstawi\u0119 Pa\u0144stwu pogl\u0105dowe zdj\u0119cia usterek i napraw cz\u0119\u015bci samochodowych wszystkich marek na \u015bwiecie&#8230;<\/p>\n<\/blockquote>\n\n\n\n<p>&#8230;oraz jak jest techniczna mo\u017cliwo\u015b\u0107 :<\/p>\n\n\n\n<blockquote class=\"wp-block-quote is-layout-flow wp-block-quote-is-layout-flow\">\n<p>&#8230;nagrywanie film\u00f3w z w\/w napraw&#8230;<\/p>\n<\/blockquote>\n\n\n\n<p><strong> Dobrej zabawy ! ! !<\/strong><\/p>\n\n\n<p><style>\/*! elementor - v3.23.0 - 25-07-2024 *\/<br \/>\n.elementor-widget-image{text-align:center}.elementor-widget-image a{display:inline-block}.elementor-widget-image a img[src$=\".svg\"]{width:48px}.elementor-widget-image img{vertical-align:middle;display:inline-block}<\/style><\/p>\n<p><img loading=\"lazy\" decoding=\"async\" class=\"wp-image-20 size-full aligncenter\" src=\"http:\/\/galeria.pb-individual.pl\/wp-content\/uploads\/2024\/07\/cropped-auto_service_electronics.jpeg\" alt=\"\" width=\"1279\" height=\"786\" \/><br \/><img loading=\"lazy\" decoding=\"async\" class=\"aligncenter wp-image-18 size-full\" src=\"http:\/\/galeria.pb-individual.pl\/wp-content\/uploads\/2024\/07\/auto_service_electronics_silver.jpeg\" alt=\"\" width=\"1280\" height=\"720\" \/><\/p>","protected":false},"excerpt":{"rendered":"<p>Szanowny Kliencie ! ! ! Cze\u015b\u0107 ! ! ! Przedstawi\u0119 Pa\u0144stwu pogl\u0105dowe zdj\u0119cia usterek i napraw cz\u0119\u015bci samochodowych wszystkich marek na \u015bwiecie&#8230; &#8230;oraz jak jest techniczna mo\u017cliwo\u015b\u0107 : &#8230;nagrywanie film\u00f3w z w\/w napraw&#8230; Dobrej zabawy ! ! !<\/p>\n","protected":false},"author":1,"featured_media":0,"parent":0,"menu_order":0,"comment_status":"closed","ping_status":"open","template":"","meta":{"footnotes":""},"class_list":["post-2","page","type-page","status-publish","hentry"],"_links":{"self":[{"href":"https:\/\/galeria.pb-individual.pl\/index.php?rest_route=\/wp\/v2\/pages\/2","targetHints":{"allow":["GET"]}}],"collection":[{"href":"https:\/\/galeria.pb-individual.pl\/index.php?rest_route=\/wp\/v2\/pages"}],"about":[{"href":"https:\/\/galeria.pb-individual.pl\/index.php?rest_route=\/wp\/v2\/types\/page"}],"author":[{"embeddable":true,"href":"https:\/\/galeria.pb-individual.pl\/index.php?rest_route=\/wp\/v2\/users\/1"}],"replies":[{"embeddable":true,"href":"https:\/\/galeria.pb-individual.pl\/index.php?rest_route=%2Fwp%2Fv2%2Fcomments&post=2"}],"version-history":[{"count":7,"href":"https:\/\/galeria.pb-individual.pl\/index.php?rest_route=\/wp\/v2\/pages\/2\/revisions"}],"predecessor-version":[{"id":43,"href":"https:\/\/galeria.pb-individual.pl\/index.php?rest_route=\/wp\/v2\/pages\/2\/revisions\/43"}],"wp:attachment":[{"href":"https:\/\/galeria.pb-individual.pl\/index.php?rest_route=%2Fwp%2Fv2%2Fmedia&parent=2"}],"curies":[{"name":"wp","href":"https:\/\/api.w.org\/{rel}","templated":true}]}}