{"id":121,"date":"2025-04-07T09:57:51","date_gmt":"2025-04-07T07:57:51","guid":{"rendered":"https:\/\/galeria.pb-individual.pl\/?page_id=121"},"modified":"2025-12-30T11:50:56","modified_gmt":"2025-12-30T10:50:56","slug":"kontakt","status":"publish","type":"page","link":"https:\/\/galeria.pb-individual.pl\/?page_id=121","title":{"rendered":"Kontakt"},"content":{"rendered":"\n<p><strong><kbd>PB Individual AUTO SERVICE ELECTRONICS<\/kbd><\/strong><\/p>\n\n\n\n<p><strong>Pawe\u0142 Biega\u0144ski<\/strong><\/p>\n\n\n\n<p>Krotoszyn, \u015aciegiennego 16<br>+48 663 799 655<br>pb.individual@gmail.com<br>www.pb-individual.pl<br>www.galeria.pb-individual.pl<\/p>\n\n\n\n<figure class=\"wp-block-image size-large\"><img loading=\"lazy\" decoding=\"async\" width=\"1024\" height=\"718\" src=\"https:\/\/galeria.pb-individual.pl\/wp-content\/uploads\/2025\/12\/pb_kontakt-1024x718.png\" alt=\"\" class=\"wp-image-183\" srcset=\"https:\/\/galeria.pb-individual.pl\/wp-content\/uploads\/2025\/12\/pb_kontakt-1024x718.png 1024w, https:\/\/galeria.pb-individual.pl\/wp-content\/uploads\/2025\/12\/pb_kontakt-300x210.png 300w, https:\/\/galeria.pb-individual.pl\/wp-content\/uploads\/2025\/12\/pb_kontakt-768x539.png 768w, https:\/\/galeria.pb-individual.pl\/wp-content\/uploads\/2025\/12\/pb_kontakt-1536x1078.png 1536w, https:\/\/galeria.pb-individual.pl\/wp-content\/uploads\/2025\/12\/pb_kontakt.png 2001w\" sizes=\"auto, (max-width: 1024px) 100vw, 1024px\" \/><\/figure>\n","protected":false},"excerpt":{"rendered":"<p>PB Individual AUTO SERVICE ELECTRONICS Pawe\u0142 Biega\u0144ski Krotoszyn, \u015aciegiennego 16+48 663 799 655pb.individual@gmail.comwww.pb-individual.plwww.galeria.pb-individual.pl<\/p>\n","protected":false},"author":1,"featured_media":0,"parent":0,"menu_order":0,"comment_status":"closed","ping_status":"closed","template":"","meta":{"footnotes":""},"class_list":["post-121","page","type-page","status-publish","hentry"],"_links":{"self":[{"href":"https:\/\/galeria.pb-individual.pl\/index.php?rest_route=\/wp\/v2\/pages\/121","targetHints":{"allow":["GET"]}}],"collection":[{"href":"https:\/\/galeria.pb-individual.pl\/index.php?rest_route=\/wp\/v2\/pages"}],"about":[{"href":"https:\/\/galeria.pb-individual.pl\/index.php?rest_route=\/wp\/v2\/types\/page"}],"author":[{"embeddable":true,"href":"https:\/\/galeria.pb-individual.pl\/index.php?rest_route=\/wp\/v2\/users\/1"}],"replies":[{"embeddable":true,"href":"https:\/\/galeria.pb-individual.pl\/index.php?rest_route=%2Fwp%2Fv2%2Fcomments&post=121"}],"version-history":[{"count":6,"href":"https:\/\/galeria.pb-individual.pl\/index.php?rest_route=\/wp\/v2\/pages\/121\/revisions"}],"predecessor-version":[{"id":186,"href":"https:\/\/galeria.pb-individual.pl\/index.php?rest_route=\/wp\/v2\/pages\/121\/revisions\/186"}],"wp:attachment":[{"href":"https:\/\/galeria.pb-individual.pl\/index.php?rest_route=%2Fwp%2Fv2%2Fmedia&parent=121"}],"curies":[{"name":"wp","href":"https:\/\/api.w.org\/{rel}","templated":true}]}}